-21093, 8*n - 5*g - 28125 = 4*n. What are the prime factors of (n/45)/f + 2/(-9)?
2, 3, 13
Let r = -82 - -162. Suppose -8*p - 67 + 11 = 0. Let c = p + r. What are the prime factors of c?
73
Suppose 4*t - 4 + 4 = 0. Suppose 5*i = -2*f - 16, t = -4*f - i - 28 - 4. List the prime factors of 1/8 + (-1695)/f.
2, 53
Let y = 15 - 9. Suppose -5*p + y*p = 0. What are the prime factors of 3*80/12 - p?
2, 5
Suppose 0 = 50*d - 46*d - 16. Suppose -4*j - 8 = 0, d + 3 = m - 2*j. Suppose -3*x - 233 = -q, m*x = -2*q + q + 251. List the prime factors of q.
2, 11
Let t(q) = 3*q**3 + 6*q**2 - 9*q - 36. Let s be t(-4). What are the prime factors of s/80 - 12738/(-15)?
2, 53
Let d = 8565 - 4180. What are the prime factors of d?
5, 877
Suppose -34*j + 63 = -5. Let f = -6 - -9. Suppose -f*b - 64 + 8 = -j*h, -4*b = -5*h + 126. List the prime factors of h.
2, 11
Let d = 207 - 1076. What are the prime factors of (15 - d) + -2*(-2 + -1)?
2, 5, 89
Suppose 2*a - 660 = -5*t, -3*t = -0 - 6. Let v = -141 + a. What are the prime factors of v + 1 - (24 + -27)?
2, 47
Suppose -771 + 3681 = 10*t. Suppose -3*x - 8 = 7, -h + x + t = 0. List the prime factors of h.
2, 11, 13
Suppose 2*f + 1261 - 157 = 0. Let k = f + 584. List the prime factors of k.
2
Let p(v) = -48*v**3 - 7*v**2 + 48*v + 171. What are the prime factors of p(-6)?
3, 11, 101
Let v = 462 - 1206. What are the prime factors of ((-28)/112)/(2/v)?
3, 31
Let n = -824 + 830. Let f(o) = o**2 - 6. Let u be f(6). Let c = u + n. What are the prime factors of c?
2, 3
Suppose 12389 = -63*a + 64*a. Suppose 0 = 11*q + 4920 - a. What are the prime factors of q?
7, 97
Suppose 0 = 8*d - 2*d + 30. What are the prime factors of (-1454)/2*(-3 - (-7 - d))?
727
Let h(z) = 4*z**2 + 4*z + 10. Let l be h(-13). Suppose 5*n + 3*b - 280 - l = 0, -3*b = 2*n - 362. What are the prime factors of n?
2, 23
Let q be 1*(-6)/7*(-1798 + -1). Suppose -132*b + 134*b - q = 0. What are the prime factors of b?
3, 257
Suppose q = 2*u + 17503, 0 = -8*q + 3*u - 7*u + 139904. List the prime factors of q.
17491
Let v be 42/(-5) + (-22)/(-55). Let t be 4/(72/(-382)) - v/36. Let f = -2 - t. List the prime factors of f.
19
Let p(h) = 263*h**2 + 15*h - 13. What are the prime factors of p(5)?
6637
Suppose -2580*s - 279371 = -2623*s. What are the prime factors of s?
73, 89
Let r(c) = -c**3 + 4*c**2 - 67*c - 261. List the prime factors of r(-26).
47, 463
Let a = 563 - 546. Suppose 5 = -3*q + h - 5, -4*q = 3*h + 22. Let m = a + q. List the prime factors of m.
13
Let f be (-116)/(-16) + (-4)/16. Suppose -5*r = -2 + f. List the prime factors of (-8 - -3 - 4)*r.
3
Suppose -37*o + 18179 = -30*o. Suppose -2023 = -11*g + o. What are the prime factors of g?
2, 3, 5, 7
Suppose -4*h + 26 - 1 = q, 3*h + 33 = 5*q. Let l(x) = -2*x. Let k(n) = -2*n + 12. Let z(d) = -k(d) - 4*l(d). What are the prime factors of z(q)?
2, 3, 13
Let i be (-48)/(-5)*(-3)/((-6)/5). Suppose i*v - 599 = 553. List the prime factors of v.
2, 3
Suppose 0 = 5*l - 5*j + 35, -2*l + j = 9 + 2. Let k be (-2)/l + (-2793)/14. Let p = k - -349. List the prime factors of p.
2, 3, 5
Suppose j - 2*n - 45677 = 0, 3*n = 31*j - 27*j - 182718. What are the prime factors of j?
3, 15227
Suppose -21*n - 11520 = -2*v - 22*n, 0 = 3*v - n - 17290. What are the prime factors of v?
2, 43, 67
Let u be (-60 - 1)/(2/(-20)). Let p = -759 - -766. Suppose 5*s + 5*x = 580, 5*s = p*x - 2*x + u. List the prime factors of s.
7, 17
Let v(a) = -49*a**3 - 135*a**2 - 13*a + 47. List the prime factors of v(-10).
35677
Suppose -3*s - 238 + 10372 = 3*m, 4*m - 3363 = -s. What are the prime factors of s?
17, 199
Suppose -5*j + 31406 = 4*s, 16*s - 2*j = 21*s - 39249. List the prime factors of s.
47, 167
Suppose -378*f + 40194 = -371*f. List the prime factors of f.
2, 3, 11, 29
Let f be (-41769)/(-204)*(-64)/(-6). Suppose -5*m - 3*b + f = 0, 0 = -9*m + 4*m + 4*b + 2198. List the prime factors of m.
2, 3, 73
Let i be 51/17 + -1 + -1 + 5. List the prime factors of 185/i*3*22/5.
11, 37
Let z(j) = 2*j**2 + 3*j + 18. Let y = -48 - -54. List the prime factors of z(y).
2, 3
Let d(g) = -8*g + 22. Let r be d(2). Suppose -r*u = -4613 + 1157. List the prime factors of u.
2, 3
Let q(j) = 2*j - j**3 - j - 2*j - 16*j**2 - 11. Let n be q(-16). Suppose -3*v + 28 = 5*p - 50, 34 = 3*p + n*v. What are the prime factors of p?
2, 3
Suppose 299*i + 900131 = 1713284 + 1401241. What are the prime factors of i?
2, 7, 23
Let g be (-1 + 8/3)/(18/54). Let x(q) = g + 0 - 11*q**2 - 3 + 7 + q**3 - 3*q. What are the prime factors of x(12)?
3, 13
Suppose -2*i + 2781 = 4*m - 19107, 16437 = 3*m - 2*i. What are the prime factors of m?
3, 5, 73
Let m(s) = -4*s**2 + 228*s - 39. What are the prime factors of m(25)?
29, 109
Let j be -3 - (-7 + (-42)/7). Suppose -3584 = -j*g + 1146. List the prime factors of g.
11, 43
Let g(m) = 228*m - 18. Let q be g(2). Suppose -3*x = -4*n - 1314, -5*n = -2*x + 3*x - q. List the prime factors of x.
2, 3, 73
Suppose -7*v + 35 = -0. Suppose 0 = v*m - m - 80. Suppose -5*g + 290 = -2*u, m = 5*u - 5. What are the prime factors of g?
2, 3, 5
Suppose 2*q = 5*q - 15. Let f(v) = v**2 - 6*v + 6. Let a be f(q). Let i = a - -10. List the prime factors of i.
11
Let s = -132 - -287. Let p = -63 + s. Suppose -p + 408 = 4*u + 5*q, -2*u + 3*q = -180. List the prime factors of u.
2, 3, 7
Let t(a) = 3*a**2 + 421 - 7*a**2 - 4*a + a**2 + a**2. List the prime factors of t(0).
421
Suppose h + 121 = o - 8, 0 = -2*h + 2. Suppose 0 = 3*p + 2*x - o, 2*p - 83 = 2*x + 7. Suppose r - 23 = 3*v, -4*r = -3*v + p - 163. List the prime factors of r.
2
Suppose -4*x - 6*z = -9*z - 14, -5*x = -3*z - 16. Suppose 0 = x*q - 0*q. Suppose 4*g - 329 + 105 = q. List the prime factors of g.
2, 7
Let j(k) = k**3 - 18*k**2 - 17*k - 34. Let g be j(19). Suppose -3*q + 702 = -g*r + 2224, 2*r - 754 = -2*q. List the prime factors of r.
379
Suppose -4*c - 29733 = -5*p, 257*c = -5*p + 260*c + 29741. What are the prime factors of p?
5953
Suppose -120 = -34*o + 10*o. Suppose -15785 = -o*k - 6*k. List the prime factors of k.
5, 7, 41
Let a(c) = -4*c**2 - 3*c + 8. Let n be a(-5). Let r = 438 + n. List the prime factors of r.
19
Let g(r) = r**2 + 13*r + 10. Let x be g(-15). List the prime factors of 2/(-10) - (-10408)/x.
2, 5, 13
Let x(f) = f**2 - 40*f + 9629. What are the prime factors of x(112)?
13, 1361
Suppose -2*f = -3*o - 8609, 23*f - 22*f = -4*o + 4299. List the prime factors of f.
13, 331
List the prime factors of 8015 - (16 + -12 + 9).
2, 4001
Suppose 10*t - 6*t - 15463 = 3*z, 4*z + 7724 = 2*t. List the prime factors of t.
2, 967
Let a = -869 + 883. Suppose 2582 = 3*r - g, 0 = 11*r - a*r + 4*g + 2597. What are the prime factors of r?
859
Suppose -5*t = 5*k, 5*k + 3*t - 3 = -7. Let j be (2 + (-7)/2)*(k + 0). List the prime factors of (-118)/(-12)*j*4.
2, 59
Let s = 117 - -7585. What are the prime factors of s?
2, 3851
Suppose 0*h + 2*h + 5*r - 50 = 0, -r = 0. Let u = -8 + h. Suppose u - 5 = 2*y. What are the prime factors of y?
2, 3
List the prime factors of 3484/4 - 16/2.
863
Let u = 5111 - 3078. Suppose -6*b + 5611 = -u. List the prime factors of b.
2, 7, 13
Suppose -2*x - 37282 = -5*i, 5*x - 23416 = -3*i - 1022. What are the prime factors of i?
2, 3, 11, 113
Let l(t) = -t**3 - 23*t**2 + 71*t - 547. What are the prime factors of l(-43)?
2, 5, 1669
Let i(g) = g**3 + 6*g**2 + 4*g - 12. Let s be i(-8). Let w = s - -253. What are the prime factors of w?
3
Let o be (2 - 0)/(-5 + 96/20). What are the prime factors of 67144/70 + 12/o?
2, 479
List the prime factors of 117/507 + 13254/39 + 2/(-26).
2, 5, 17
Let u = -371 + 396. Let h(v) = -2*v**3 + 52*v**2 + 4*v - 36. What are the prime factors of h(u)?
2, 3, 73
Let d = -117 + 196. Suppose 4*n = -12, k - 3*n + 195 - 128 = 0. Let t = d - k. What are the prime factors of t?
5, 31
Suppose -5*o - 3*d + 5*d - 71 = 0, 2*o - 4*d = -38. Let l(a) = -22*a + 8. Let y(g) = 142*g - 48. Let z(b) = 39*l(b) + 6*y(b). List the prime factors of z(o).
2, 3, 17
What are the prime factors of 6/12 + (-309810)/(-20) + -6?
5, 19, 163
What are the prime factors of 1022*-402*(-3)/63 - (-1 - -2)?
3, 6521
Suppose -6*n = -4 - 8. Suppose 3*b = -n*y + 983, 3*b + 3*y = -y + 991. What are the prime factors of b?
5, 13
Let h(q) = 11*q + 5. Let n be h(1). Let f = 402 - n. Suppose -4 - f = -5*p. What